is divided by 57?
40
Calculate the remainder when 53 is divided by 45.
8
Calculate the remainder when 2277 is divided by 43.
41
Calculate the remainder when 394 is divided by 74.
24
Calculate the remainder when 396 is divided by 40.
36
Calculate the remainder when 15581 is divided by 147.
146
Calculate the remainder when 783 is divided by 159.
147
Calculate the remainder when 3632 is divided by 91.
83
Calculate the remainder when 299 is divided by 6.
5
What is the remainder when 658 is divided by 60?
58
What is the remainder when 57 is divided by 13?
5
Calculate the remainder when 30 is divided by 1.
0
What is the remainder when 435 is divided by 23?
21
What is the remainder when 31 is divided by 14?
3
Calculate the remainder when 2334 is divided by 41.
38
Calculate the remainder when 96 is divided by 4.
0
What is the remainder when 4941 is divided by 17?
11
Calculate the remainder when 320 is divided by 271.
49
Calculate the remainder when 27 is divided by 17.
10
What is the remainder when 214 is divided by 11?
5
Calculate the remainder when 9952 is divided by 126.
124
What is the remainder when 70 is divided by 24?
22
What is the remainder when 1394 is divided by 26?
16
Calculate the remainder when 409 is divided by 140.
129
What is the remainder when 419 is divided by 25?
19
What is the remainder when 491 is divided by 38?
35
What is the remainder when 1451 is divided by 6?
5
Calculate the remainder when 5039 is divided by 24.
23
What is the remainder when 119 is divided by 56?
7
Calculate the remainder when 80 is divided by 14.
10
What is the remainder when 689 is divided by 339?
11
What is the remainder when 681 is divided by 18?
15
Calculate the remainder when 59 is divided by 42.
17
Calculate the remainder when 379 is divided by 87.
31
What is the remainder when 6045 is divided by 63?
60
What is the remainder when 43 is divided by 34?
9
Calculate the remainder when 144 is divided by 69.
6
What is the remainder when 272 is divided by 31?
24
What is the remainder when 31 is divided by 13?
5
Calculate the remainder when 2241 is divided by 132.
129
What is the remainder when 377 is divided by 95?
92
What is the remainder when 503 is divided by 75?
53
Calculate the remainder when 109 is divided by 5.
4
What is the remainder when 272 is divided by 32?
16
Calculate the remainder when 53 is divided by 24.
5
What is the remainder when 274 is divided by 271?
3
Calculate the remainder when 188 is divided by 27.
26
What is the remainder when 321 is divided by 124?
73
Calculate the remainder when 68 is divided by 18.
14
What is the remainder when 178 is divided by 142?
36
Calculate the remainder when 352 is divided by 118.
116
What is the remainder when 582 is divided by 96?
6
Calculate the remainder when 4 is divided by 1.
0
What is the remainder when 94 is divided by 39?
16
Calculate the remainder when 1697 is divided by 1686.
11
What is the remainder when 508 is divided by 219?
70
Calculate the remainder when 98 is divided by 27.
17
Calculate the remainder when 642 is divided by 24.
18
What is the remainder when 1047 is divided by 42?
39
What is the remainder when 103 is divided by 1?
0
What is the remainder when 21990 is divided by 7329?
3
Calculate the remainder when 102 is divided by 101.
1
What is the remainder when 3005 is divided by 32?
29
What is the remainder when 5893 is divided by 736?
5
What is the remainder when 17639 is divided by 49?
48
What is the remainder when 1159 is divided by 9?
7
What is the remainder when 790 is divided by 120?
70
What is the remainder when 268 is divided by 137?
131
What is the remainder when 686 is divided by 401?
285
Calculate the remainder when 104 is divided by 20.
4
What is the remainder when 218 is divided by 187?
31
What is the remainder when 6253 is divided by 106?
105
What is the remainder when 453 is divided by 12?
9
What is the remainder when 16376 is divided by 20?
16
Calculate the remainder when 393 is divided by 22.
19
Calculate the remainder when 154 is divided by 27.
19
Calculate the remainder when 1084 is divided by 16.
12
What is the remainder when 3593 is divided by 36?
29
What is the remainder when 261 is divided by 80?
21
Calculate the remainder when 10 is divided by 7.
3
Calculate the remainder when 286 is divided by 75.
61
What is the remainder when 182 is divided by 61?
60
What is the remainder when 956 is divided by 77?
32
What is the remainder when 491 is divided by 239?
13
Calculate the remainder when 566 is divided by 30.
26
What is the remainder when 1197 is divided by 24?
21
What is the remainder when 794 is divided by 111?
17
Calculate the remainder when 63 is divided by 11.
8
Calculate the remainder when 180 is divided by 14.
12
What is the remainder when 154 is divided by 107?
47
Calculate the remainder when 1077 is divided by 213.
12
What is the remainder when 249 is divided by 5?
4
What is the remainder when 411 is divided by 70?
61
What is the remainder when 613 is divided by 103?
98
Calculate the remainder when 270 is divided by 39.
36
Calculate the remainder when 6193 is divided by 163.
162
What is the remainder when 730 is divided by 60?
10
What is the remainder when 572 is divided by 116?
108
Calculate the remainder when 774 is divided by 21.
18
Calculate the remainder when 278 is divided by 46.
2
What is the remainder when 312 is divided by 21?
18
What is the remainder when 6214 is divided by 56?
54
What is the remainder when 950 is divided by 68?
66
Calculate the remainder when 1344 is divided by 105.
84
What is the remainder when 2592 is divided by 22?
18
Calculate the remainder when 2114 is divided by 263.
10
What is the remainder when 114 is divided by 30?
24
What is the remainder when 7 is divided by 5?
2
Calculate the remainder when 876 is divided by 177.
168
What is the remainder when 120 is divided by 34?
18
What is the remainder when 123 is divided by 33?
24
Calculate the remainder when 1385 is divided by 1372.
13
What is the remainder when 743 is divided by 232?
47
What is the remainder when 356 is divided by 17?
16
Calculate the remainder when 4658 is divided by 47.
5
Calculate the remainder when 48 is divided by 4.
0
Calculate the remainder when 412 is divided by 7.
6
What is the remainder when 430 is divided by 59?
17
What is the remainder when 892 is divided by 16?
12
What is the remainder when 2685 is divided by 34?
33
Calculate the remainder when 60 is divided by 28.
4
What is the remainder when 64 is divided by 15?
4
What is the remainder when 1608 is divided by 35?
33
What is the remainder when 293 is divided by 77?
62
Calculate the remainder when 3494 is divided by 125.
119
Calculate the remainder when 31 is divided by 5.
1
Calculate the remainder when 153 is divided by 77.
76
What is the remainder when 285 is divided by 107?
71
What is the remainder when 22 is divided by 10?
2
Calculate the remainder when 58 is divided by 36.
22
What is the remainder when 6758 is divided by 9?
8
What is the remainder when 7323 is divided by 18?
15
What is the remainder when 412 is divided by 22?
16
What is the remainder when 2252 is divided by 20?
12
Calculate the remainder when 282 is divided by 123.
36
Calculate the remainder when 52 is divided by 45.
7
Calculate the remainder when 30 is divided by 9.
3
Calculate the remainder when 861 is divided by 145.
136
What is the remainder when 1072 is divided by 34?
18
Calculate the remainder when 786 is divided by 61.
54
Calculate the remainder when 1707 is divided by 283.
9
Calculate the remainder when 121 is divided by 113.
8
What is the remainder when 1617 is divided by 538?
3
What is the remainder when 1044 is divided by 5?
4
What is the remainder when 661 is divided by 19?
15
Calculate the remainder when 22 is divided by 12.
10
What is the remainder when 670 is divided by 329?
12
Calculate the remainder when 107 is divided by 28.
23
What is the remainder when 1383 is divided by 42?
39
Calculate the remainder when 523 is divided by 170.
13
Calculate the remainder when 245 is divided by 33.
14
What is the remainder when 1295 is divided by 93?
86
What is the remainder when 4613 is divided by 14?
7
Calculate the remainder when 401 is divided by 30.
11
Calculate the remainder when 822 is divided by 103.
101
What is